et n(v) = 7*v**3 + 10*v**2 - 101*v + 6. Let x be n(10). What is the highest common divisor of x and 264?
132
Let g be (606/(-8))/((-156)/(-416)). Let z = g - -230. Calculate the highest common factor of z and 147.
7
Let i(v) = v**3 - 38*v**2 + 316*v - 20200. Let z be i(42). Let t be ((-4)/(-6))/((-2)/(-432)). What is the greatest common factor of t and z?
16
Let y be 34992/36 + -2 + 2. What is the highest common factor of 300 and y?
12
Suppose -26*x = -22*x + 2*a - 790, -3*a = 3*x - 597. Let h(i) = i**3 + i - 2. Let f be h(3). Calculate the greatest common factor of x and f.
28
Let o(d) = 63*d - 250. Let s be o(4). What is the highest common factor of s and 187?
1
Let g be ((-42)/(-28))/((-1)/(-2)) + 45. Let l be 50/(-375) + -14*26/(-30). Calculate the highest common factor of l and g.
12
Let v be (25/(-5) + 15)*14/5. Let g = 63 - v. What is the greatest common factor of g and 315?
35
Let h = 10010 - 9980. Calculate the highest common divisor of 4410 and h.
30
Suppose -9 = -2*n - 3, 0 = 2*z + 4*n - 28. Suppose 5*i - 2*v - 286 = 0, -906*i = -909*i + 5*v + 164. Calculate the highest common divisor of z and i.
2
Let p be -3 - 1 - -14 - 1. Let q be (-3)/p - 49/(-21). Suppose 0*w = -q*w + 4*y + 120, -310 = -5*w + 5*y. Calculate the greatest common factor of 160 and w.
32
Suppose 2*d - 5 = -1. Suppose 3*q = -2*o + 5*q + 6, d = 2*o - 3*q. Let t be 15/(-12)*-2*14. Calculate the greatest common divisor of o and t.
7
Suppose 26638 = q + 3*f, 0 = -8*q + 12*q - 4*f - 106456. What is the greatest common factor of 20 and q?
20
Let b(m) = 3*m + 2. Let r be b(4). Let q(y) = -425*y - 348. Let o be q(-1). Calculate the greatest common factor of o and r.
7
Suppose j - 48 = -5*z, 332 = 3*j + 5*z + 228. What is the highest common factor of 3402 and j?
14
Let p be (-9 + 4)/(-1*(-2)/(-2)). Suppose 0 = p*f + 2 - 2. Suppose 2*y = -5*w + y + 40, 3*w + y - 26 = f. What is the greatest common factor of w and 7?
7
Suppose o + v - 130 = -4*o, -3*o + 65 = -2*v. Let i be 2*(-5)/(o/(-85)). Suppose 39*d - 180 = i*d. What is the highest common divisor of d and 54?
18
Suppose g - 4*u - 27 = -2*g, 4*u + 45 = 5*g. Suppose p = 5*f + 10, -4*p = 5*f - 145 - 70. What is the greatest common factor of p and g?
9
Suppose 2*k = -5*t + 294213, -3*k - 294218 = -0*t - 5*t. Calculate the highest common divisor of t and 163.
163
Let w(m) = -m**2 - 14*m - 25. Let o be w(-11). Let h = o + 31. What is the greatest common divisor of 104 and h?
13
Suppose -41*z + 12*z + 380928 = 19*z. Calculate the greatest common divisor of 12 and z.
4
Suppose d + 90 = 6*d. Let y be (-192)/(-1) - (11 - 17). What is the highest common divisor of d and y?
18
Let t(a) be the third derivative of a**4/24 + 13*a**3/6 - 8*a**2. Let r be t(-7). Suppose 27 = -r*u + 123. Calculate the highest common divisor of 12 and u.
4
Suppose 2*f + 2*f - 12 = 0. Let a be 13 + (0 - (2 - f)). Let h be ((-14)/(-42))/(7/735). Calculate the highest common divisor of a and h.
7
Let b = -7819 + 7868. Calculate the highest common divisor of b and 2842.
49
Let g(q) = q**3 - 13*q**2 + 29*q + 14. Let v(a) = -a**3 - 17*a**2 - 20*a - 54. Let f be v(-16). Let i be g(f). What is the highest common factor of 16 and i?
4
Suppose 41*s + 8848 = 120*s. Let q = 25 - 9. What is the greatest common factor of q and s?
16
Let m(c) = -c + 32. Let y be m(-3). Let o(n) = 3*n**2 - 2*n - 1. Let i be o(-1). Suppose i*j = -j + y. What is the highest common factor of j and 63?
7
Suppose -3*o + 5*c = -9, 2*c + 6 = 11*o - 9*o. Suppose -11*f = -o*f - 64. Suppose -3*k + 2*k = -40. Calculate the greatest common factor of f and k.
8
Suppose 64*p = 2*m + 59*p - 505, 0 = -p + 5. Calculate the greatest common divisor of m and 5.
5
Let i = 1510 - 1450. What is the greatest common factor of 435 and i?
15
Let h be (-30)/9*42/(-5). Let k = -9283 - -9535. Calculate the greatest common factor of k and h.
28
Suppose -203*r + 112 = -196*r. What is the highest common factor of r and 920?
8
Let k(h) = 10*h**3 - h**2 + h + 4. Let i be k(2). Suppose b - 90 = -i. Calculate the greatest common factor of b and 8.
8
Let r = -430 - -427. Let q be (r - (-87)/6)/(5/90). What is the greatest common divisor of 18 and q?
9
Let p = 69 + 1699. Suppose 0*r = -4*r + p. Calculate the highest common divisor of 26 and r.
26
Suppose 5*h + 11330 = 16*h. Suppose -319 = 9*l - h. Calculate the greatest common divisor of 711 and l.
79
Let b be 36/((-566)/(-80) + 0 + -7). Let c be -3 - (-3 - (26 - -4)). What is the greatest common factor of b and c?
30
Let i be (-10203)/285*((0 - 42) + -3). Calculate the greatest common factor of i and 54.
9
Let v be (2/2 - (-8 + -43))/(-1). Let x = 54 + v. Suppose -5*c - 10 = -2*q, 0*q = -4*q - x*c + 20. Calculate the highest common divisor of 55 and q.
5
Suppose -19*m + 18624 - 9870 + 15984 = 0. What is the highest common divisor of m and 147?
21
Let l be 7 - 1*(-311 - 2). What is the highest common divisor of l and 56?
8
Let d = -109 + 128. Suppose -d*y = -24*y + 40. Let r be 2703/6 + y/16. What is the highest common divisor of r and 41?
41
Let m(p) = p**2 + 23*p + 63. Let t be m(-26). Let z = t - 159. Let x be 1*z/6 + 4*1. What is the greatest common factor of x and 3?
1
Let n(i) = -i**3 + 15*i**2 + 11*i**2 - 11 - 6*i - 15*i**2. Let t be ((-1)/1)/((-3)/21). Let p be n(t). What is the greatest common divisor of 11 and p?
11
Let o(b) = b**3 - 16*b**2 + 5*b - 29. Let q be o(16). Suppose q = -h + 80. Calculate the greatest common factor of h and 319.
29
Let u(h) = -36 - 9*h - 3*h - 28 - h. Let d be u(-8). Calculate the highest common divisor of 8 and d.
8
Suppose 2*s - 3 + 1 = 0. Let h = 6029 + -5951. Let b be ((-56)/(-42))/(s/h). Calculate the greatest common divisor of b and 13.
13
Suppose 5*s - 62249 = -4*c, -77*s + 75*s + 5*c + 24860 = 0. What is the highest common divisor of 190 and s?
95
Suppose 185*t - 130*t - 26180 = 0. What is the highest common factor of 2822 and t?
34
Let p = 165 + -128. Suppose v = 6*v + 5*s - 145, -2*v + 5*s = -p. What is the greatest common divisor of v and 2?
2
Let s be ((-2)/(-4))/((-15)/30) + 19. Suppose 15 = s*p - 255. What is the highest common factor of p and 25?
5
Suppose -86*y + 48*y + 45312 = 90*y. What is the greatest common divisor of y and 66?
6
Let b = -2 - -80. Suppose 373*w - 366*w - 637 = 0. Calculate the highest common divisor of b and w.
13
Suppose 3*y = -0*y + 4*g - 5, 0 = -4*y + 2*g - 20. Let f = y - -24. Let z(p) = -43*p - 155. Let v be z(-4). Calculate the highest common divisor of f and v.
17
Let c be ((-11)/(-8)*-22)/((-12)/(-5328)*-3). Calculate the highest common divisor of 484 and c.
121
Suppose -5*k - 5*g - 165 = 0, -3*g = k - 4*g + 41. Let j = 121 + k. Calculate the greatest common divisor of j and 30.
6
Let v(s) = 23*s + 32 + 5*s - 12*s. Let z be v(3). What is the highest common factor of 30 and z?
10
Let g(m) = 2*m**2 + 4*m + 6. Let p be g(-2). Suppose 0 = p*w - 14 - 4. Let b be (5 - w)/(2/36). What is the highest common divisor of b and 4?
4
Let a(v) = v**3 + 3*v**2 - v + 6. Let q be a(-4). Let d be ((-40)/6)/(q/9). What is the highest common divisor of d and 230?
10
Suppose -4*k = 384 - 400. Suppose k*z = 5*j - 524, -97*z - 308 = -3*j - 101*z. What is the greatest common factor of 520 and j?
104
Suppose -45*t + 16346 + 111049 = 0. Calculate the greatest common factor of 745 and t.
149
Let j(u) = 577*u**2 + 8*u + 18. Let h be j(-2). Suppose 4*o + o = h. Calculate the greatest common divisor of 42 and o.
42
Let f = -1853 + 3696. Calculate the highest common divisor of 133 and f.
19
Let v(d) = -3*d + 97. Suppose -12*j - 225 = -609. Let p be v(j). Calculate the highest common factor of 17 and p.
1
Let r(z) = -z**3 - 8*z**2 + 3*z - 10. Let m be r(-9). Suppose 0 = -0*d + 5*d + 4*y - 163, 3*y = d - m. What is the highest common divisor of 385 and d?
35
Let b(p) = -p**3 - 1470 - 11*p + 7*p**2 - 3*p + 1479. Let k be b(4). What is the highest common divisor of k and 4?
1
Let q be 4/(-6) - 15/45. Let t(y) = -5*y. Let o be t(q). Let l = 317 - 282. What is the greatest common factor of o and l?
5
Let b(z) = -2*z - 88 - z**2 - 4*z + 106. Let w be b(-7). Let o = -261 + 382. What is the highest common factor of o and w?
11
Let i be (462/(-7))/(3/(-13)). Let g(s) = -s**3 + 14*s**2 + 21*s - 46. Let k be g(15). What is the highest